-3. Suppose 0 = x*t + 2*g - 9, -t + 2*t = 3*g - 5. List the prime factors of p(t).
2, 3
Suppose 0 = 5*u - 973 - 2. Suppose l - 4*p - 36 = 0, -3*p - u = -5*l + 2*p. List the prime factors of l.
2, 5
Suppose r = 7*r - 2310. List the prime factors of r.
5, 7, 11
Suppose h + 34 + 73 = 5*u, -5*u - 301 = 3*h. List the prime factors of 17/h - 710/(-12).
59
Let k = 75 + -73. Suppose -170 = k*b - 7*b. What are the prime factors of b?
2, 17
Let t(d) = -d**3 + 4*d**2 - 4*d. Let l be t(2). Suppose l = 2*n + 4*n - 12. List the prime factors of (-3 + -7)*(-1)/n.
5
Let x(f) = -4*f + 4. Let k be x(2). Let p = 19 + k. Suppose 5*s = -p, 0*w - 2*w = -s - 25. List the prime factors of w.
11
Let p(j) = 21*j**2 + j - 3. Let w = -74 + 71. What are the prime factors of p(w)?
3, 61
Let s(t) = 146*t - 10. List the prime factors of s(5).
2, 3, 5
Let i = -12 + 44. Let u be i/10 - (-5)/(-25). Suppose -u*n = p + n - 4, -p + 5*n + 49 = 0. List the prime factors of p.
2, 3
What are the prime factors of (-2721 + -77)*(-1)/2?
1399
Let u = -62 + 64. What are the prime factors of (31 + -3 + u)*4/10?
2, 3
Let b be 0/(-4*(-2)/8). Let n be (b + -1)/(1/(-2)). Let t(d) = 8*d - 4. What are the prime factors of t(n)?
2, 3
Let b(j) = -14*j - 114. What are the prime factors of b(-39)?
2, 3
Let a(y) = -32*y - 6. Let p be a(-3). Suppose 0 = -5*m + 3*u + 2*u + p, -5*m + 4*u + 95 = 0. Suppose 0 = 5*r + m - 218. List the prime factors of r.
3, 13
Let u(w) = 2*w**2 - 6*w + 482. List the prime factors of u(0).
2, 241
Let h(f) = f**3 + f**2 + f - 16. Let q be h(0). Let o be (8/(-6))/(3/(-18)). What are the prime factors of (138/o)/((-6)/q)?
2, 23
What are the prime factors of 8626/((-56)/(32/(-4)) - 5)?
19, 227
Let x(i) = 159*i + 1 - 157*i - 3. List the prime factors of x(6).
2, 5
Suppose 110 + 140 = 25*b. List the prime factors of b.
2, 5
Let i(h) = 4*h**2 - 8*h + 1. Let p be i(6). What are the prime factors of (-8 + 6)/((-2)/p)?
97
Suppose 261133 = 66*p + 24325. List the prime factors of p.
2, 3, 13, 23
Let p be (0 + -5)*11/11. Let z be p/1*(2 - 3). Suppose 5*v - z*k - 121 = 2*v, 2*k = -2*v + 86. List the prime factors of v.
2, 3, 7
Let u be (3/(-2))/((-15)/560). Let q be (u/5)/(9/45). Suppose r + 0*r = q. What are the prime factors of r?
2, 7
Suppose -25 = o - 6*o. Suppose -s + 12 = -4*w + 3*s, 0 = o*w - 3*s + 5. Suppose 2*f - w*p - 13 - 15 = 0, -f + 2*p = -17. List the prime factors of f.
11
Suppose -20 = -2*w + 4*w + q, q = 5*w + 64. Let g = -10 - w. Suppose -2*s - g*d - 26 + 114 = 0, 5*s - 4*d = 247. What are the prime factors of s?
47
Let w be (50/3)/2*54/45. Suppose 2*d + 4 = -c, -3*d - 7 = 3*c - w. List the prime factors of c.
2, 3
Let x be (-6 + 4)/(4/54). Let o = x + 86. What are the prime factors of o?
59
Suppose 5*w + 0*w = 400. Let h = -48 + w. Suppose 3*n = -4*u + 146, 0*n + h = n - 2*u. What are the prime factors of n?
2, 3, 7
Let u(m) = 3*m**2 - 29*m - 20. List the prime factors of u(40).
2, 5, 181
Let w(r) be the first derivative of 14*r**3/3 - 3*r**2/2 - 2*r + 6. List the prime factors of w(-2).
2, 3, 5
Let d(r) = 95*r**2 + 1. Let x(g) = -g**3 - 12*g**2 - 10*g + 12. Let y be x(-11). Let q be d(y). What are the prime factors of 0 + 0 + q/4?
2, 3
Suppose -4*z + 2*t + 2*t - 92 = 0, t + 77 = -4*z. Let c = -17 - -8. What are the prime factors of (z/3)/(6/c)?
2, 5
Let w = -6 - -12. Let g be (-87)/w - (-6)/12. Let a = g - -22. What are the prime factors of a?
2
Let x(m) = -m**2 + 4*m + 4. Let w be x(5). List the prime factors of (-154)/(-4) - (4/8)/w.
3, 13
Let u = 1690 + -955. What are the prime factors of u?
3, 5, 7
Let b(p) = -10*p + 10 - 5*p + 23*p + 2*p. Let n be b(4). Let z = n + 13. List the prime factors of z.
3, 7
Suppose -2*s - 48 = -8*s. Suppose -3*p - s*y = -3*y - 250, -y + 230 = 3*p. What are the prime factors of p?
3, 5
Let g(x) be the third derivative of 41*x**4/24 + x**3/2 + 18*x**2. What are the prime factors of g(1)?
2, 11
Suppose -5*d + y + 85 = -4*y, -2*d - 3*y + 24 = 0. What are the prime factors of (-80)/d*(34/(-8) - 1)?
2, 7
Suppose -5 = 3*x - 11. Suppose 2*y + 19 = 4*s + 3, 3*y + 12 = x*s. Let m = 30 + s. List the prime factors of m.
3, 11
Let r(q) = q - 2. Let o(b) = -b**2 - 8*b + 3. Let k(n) = n**2 - n + 1. Let z(u) = -2*k(u) - o(u). Let a be z(9). What are the prime factors of r(a)?
2
Let p(n) = -6*n**3 + n**2 + 2*n - 3. Let h be p(2). Let i = h - -52. List the prime factors of i.
3
Suppose -2*o - 5*w + 4116 = 0, o - 311 - 1729 = 2*w. What are the prime factors of o?
2
Let v = 48 - 68. Let t = v + 24. Suppose 0*u + 30 = u + 2*m, -3*u + 40 = -t*m. What are the prime factors of u?
2, 5
Suppose 166808 = 11*o + 105*o. List the prime factors of o.
2, 719
Suppose 21 = -2*t + 5*t. Suppose 1092 - 35 = t*x. What are the prime factors of x?
151
Let m be 0 + 75 - (-2)/(-5)*5. Suppose -68*j + m*j - 180 = 0. List the prime factors of j.
2, 3
Let u be ((-24)/(-18))/(-1 - 5/(-3)). Let a(f) = 4*f**2 + 2*f**3 + 2*f**3 + 2*f - 4*f**2 - 1. What are the prime factors of a(u)?
5, 7
Let i = 39 - 36. Suppose -5*w = -0*l - l - 176, -i*l = -12. List the prime factors of w.
2, 3
Let v(y) = y**3 - 12*y**2 - 18*y + 46. What are the prime factors of v(14)?
2, 3, 31
Let y = -58 + 58. Suppose -5*m + 741 = w, y = -4*m - 2*w + 532 + 62. List the prime factors of m.
2, 37
Suppose 0 = -m + 2*m + 12. Let n be (66/m)/((-2)/56). Suppose -4*x + n = 38. What are the prime factors of x?
29
Let y(n) = -18*n. Let m be y(-1). Suppose -2 = -4*o + m. Suppose -s - o*q = -4, 0 = -3*q - 9 + 3. List the prime factors of s.
2, 7
What are the prime factors of (-2)/(-6) + 3208/6?
5, 107
Suppose -2*k = 3*m + 4, -k = -2*m - m - 16. Suppose -3*v = v + 8, k*t = -v + 206. Let n = -31 + t. List the prime factors of n.
3, 7
Let s = -10171 + 15275. What are the prime factors of s?
2, 11, 29
Suppose 6*f - 407 - 445 = 0. Suppose -4*n + 108 = -3*q - 182, n + 1 = 0. Let g = f + q. What are the prime factors of g?
2, 11
Suppose -26*x + 6*x + 26840 = 0. List the prime factors of x.
2, 11, 61
Let a be 11/3 - (-3)/9. Suppose 5*z = 2*z, 72 = -a*n - z. Let t = n + 29. List the prime factors of t.
11
Let t(l) = 2*l**3 - 13*l**2 + 7*l - 16. Let i be t(7). Let x = i + -32. List the prime factors of x.
2, 5
Let p(c) be the first derivative of c**4/4 - 3*c**3 + 5*c - 1. Let m be p(9). Suppose -5*b - 155 = -5*h, 34 = h + m*b - 3*b. List the prime factors of h.
2
Let b(m) = m**2 + 8*m - 91. List the prime factors of b(22).
569
Let g(x) = 4*x - 28. Let i be 2 + 3 + (-6)/(-2). What are the prime factors of g(i)?
2
Let w be (-129)/(-27) - 6/(-27). Suppose 1 - w = -c. Suppose -c*f = z - 65, z = 2*f - z - 30. List the prime factors of f.
2
Let s = 166 + 303. Let v = -258 + s. List the prime factors of v.
211
Suppose -1152 = -3*a - 3*u, 0*u + 4*u = -2*a + 774. List the prime factors of a.
3, 127
Let t(r) = -r**2 - 6*r + 5. Let y be t(-6). Suppose -y*p + 769 = -f, 2*p + 0*f = -3*f + 294. What are the prime factors of p?
3, 17
Let q(f) = f**2 - 2*f + 4. Let d be q(5). Suppose -d + 1 = -6*l. List the prime factors of l.
3
Let w(n) = -n**3 + 9*n**2 - 7*n - 7. Let l be w(8). Let t(p) = -p - 2 + 9 + p**2 + l - 3*p. What are the prime factors of t(9)?
53
Let k = 1 + 3. Let v be (k/8)/(1/(-4)). List the prime factors of 1 + (-1 - v/1).
2
Let z(h) = h**3 + h**2 + h + 42. Let t be z(0). Suppose -f = -6*f + 35. Suppose f*o - t = 4*o. What are the prime factors of o?
2, 7
Suppose -17 = -3*f + 16. Suppose 2*m - f = m. Let l = 22 - m. List the prime factors of l.
11
Let o = -6 + -12. Let u be 1*4/(-8)*o. Suppose -4*b + u = -15. What are the prime factors of b?
2, 3
Suppose 0 = -2*w + y + 53, 3*w = -w - 3*y + 121. What are the prime factors of w?
2, 7
Let v(n) = 4*n**2 + 24*n**3 + n**2 + 4*n**2 + 6 - 25*n**3. What are the prime factors of v(5)?
2, 53
Let k = -3 + 9. Let i(h) = -h**3 + 7*h**2 + 2*h - 2. List the prime factors of i(k).
2, 23
Let i(k) = -k**2 + 5*k + 6. Let c = 23 - 17. Let m be i(c). Suppose 0 = 4*l + s + 3*s - 64, m = 3*l + 4*s - 43. What are the prime factors of l?
3, 7
Suppose -17*j + 12*j = -2745. Suppose 6*y = 2*y - 5*i + j, 0 = 3*y - 4*i - 373. What are the prime factors of y?
131
Let y(c) = c**3 - 11*c**2 + 5*c + 5. Let x be y(10). Let i = 95 + x. List the prime factors of i.
2, 5
Suppose 2*u = -t - 2*t - 44, 2*u - 10 = 0. What